2*o. Calculate the highest common factor of o and 9.
1
Suppose -2*h = -5*z - 22, -h - 3*h + 24 = -5*z. Let n be 2 + 0 + (9 - h). Calculate the greatest common divisor of n and 25.
5
Let w be 2/14 + 10480/140. Calculate the greatest common factor of 15 and w.
15
Suppose 2*a - l = 24 + 3, 0 = 5*a + 2*l - 81. Calculate the greatest common divisor of 10 and a.
5
Let n(j) = -j**3 - 7*j**2 - j - 4. Let y be n(-7). Suppose -5*x + 35 = 3*a + 8, y*x = -4*a + 36. What is the highest common divisor of 81 and a?
9
Suppose -2*d + 3*d - u + 8 = 0, -5*d = -u + 48. Let x be (-529)/(-2) - d/(-20). What is the highest common factor of x and 24?
24
Suppose -4*a + 2*q - 6 = -5*a, 0 = 3*a - 2*q - 18. Calculate the highest common factor of 48 and a.
6
Suppose -8 = 2*w, 3*s - 45 = 4*w + 10. What is the greatest common divisor of 1 and s?
1
Let w be ((-9)/6)/(-4*3/120). What is the greatest common factor of 240 and w?
15
Suppose 67 = 6*m + 1. Suppose k - 224 = -5*i, -3*i + 4*k = -4*i + 60. Calculate the highest common divisor of m and i.
11
Suppose 8 = 4*z, -t + 36 = -3*z - 6. Let y = -44 + 76. Calculate the highest common divisor of t and y.
16
Suppose f - 2*s - 2*s = 77, 3*f = -4*s + 183. Let i(c) = 8*c - 6. Let r be i(4). What is the greatest common divisor of f and r?
13
Let m = 26 - 20. Calculate the highest common factor of m and 2.
2
Let x = 1 + 1. Suppose 122 = x*r + 2*p, -r + 3*p + p + 56 = 0. Suppose r = g - y, g = -2*y + y + 66. Calculate the greatest common factor of 7 and g.
7
Suppose y = -2*i - 0*i + 2, 4*y - 20 = -4*i. What is the highest common factor of y and 40?
8
Let r be (1/2)/((-4)/(-32)). Suppose -r*t + 250 = t. Suppose -3*p + 27 = -3*b, 3*b - 31 = -3*p + 2*b. Calculate the greatest common factor of p and t.
10
Suppose -p = p - 62. Calculate the greatest common factor of p and 217.
31
Let h(d) = d**2 + 10*d + 22. Let q be h(-10). Calculate the greatest common divisor of 33 and q.
11
Let f be (12/(-9))/4*-6. Let p be f*(-2 + 6/4). Let m be (p/(-2))/(2/20). What is the highest common factor of 5 and m?
5
Suppose -5*j = 5*r - 130, -3*j + 2*j + 38 = 4*r. What is the greatest common divisor of 44 and j?
22
Let j = 25 - 10. Suppose j - 119 = -4*b. Calculate the greatest common factor of 39 and b.
13
Suppose 2*w - 7*w = 3*a + 16, 27 = 4*a - 3*w. Suppose -10 = a*p - 55. Let k = p - -9. Calculate the greatest common factor of 36 and k.
12
Let c(u) = -u + 4*u - 26 - 5*u + 1. Let k(z) = 5*z + 74. Let s(n) = 8*c(n) + 3*k(n). Let m be s(12). What is the highest common divisor of m and 80?
10
Suppose 5*y - 32 = 23. What is the greatest common factor of y and 121?
11
Let k = 4 + -2. Suppose -4*n + 6 = k. Let f be (-1 + -120)*-1*n. Calculate the highest common factor of f and 11.
11
Suppose 3*h + 8 = -5*k, k + 4 = -0. Let d = h - -3. What is the greatest common divisor of 35 and d?
7
Suppose 0*b = -3*b. Suppose u = 1, i + b*u + 4*u - 13 = 0. Let n be (0 + 6)*(0 + 3). Calculate the highest common factor of i and n.
9
Suppose -o - 30 = -6*o. Let t be (8 - -13)/(o/8). What is the greatest common divisor of 42 and t?
14
Let z = 113 + -65. Let w = z - 8. What is the highest common divisor of 8 and w?
8
Let w be (2/4)/(16/3520). Suppose -5*g + 50 = 4*z, -3*g - 6*z + 30 = -3*z. Calculate the greatest common divisor of g and w.
10
Suppose -k + 2 = -i + 1, 2*k + i - 2 = 0. Let w be k/(-2)*0/2. Suppose 3*q - 6 - 27 = w. What is the highest common factor of 99 and q?
11
Let a be (3 - -3)/(2/(-6)). Let f be (5/3)/((-2)/a). Suppose 4*p + 3*w - 66 = 0, -6*p + 2*p + 4*w + 52 = 0. What is the highest common divisor of f and p?
15
Suppose -3 - 1021 = -16*a. What is the highest common divisor of 96 and a?
32
Suppose -4*f + 30 = -18. Let d = f - -1. Suppose -273 = -h - 2*h. Calculate the greatest common divisor of h and d.
13
Let d = -75 + 141. Let m be 1 + -2 + (20 - 13). What is the highest common factor of d and m?
6
Let m(q) = 5*q + 5. Let y be m(4). Let v = -8 + 3. Let j be (v/2)/(1/(-2)). What is the greatest common divisor of j and y?
5
Suppose 3*l - 5 = -2*l. Let r be 60/l - (-1 - -1). Let a be (6/(-5))/((-9)/r). What is the greatest common divisor of 20 and a?
4
Let w = 699 - 690. Let b = 13 + -74. Let k = 160 + b. What is the highest common factor of k and w?
9
Let d be (-1 - 2 - -6)*1. Suppose -32 = -5*v + 133. Calculate the highest common factor of v and d.
3
Let c = 12 - 8. Suppose 5*n + 5*l = 0, -6 - 2 = c*l. Suppose -3*a + n*a + 49 = 4*z, 4*a + 3*z = 144. What is the highest common factor of a and 3?
3
Suppose -75 = -10*r + 5*r. What is the highest common divisor of 120 and r?
15
Let l = -13 + 40. Let f be (1 - 0)*(-1 + 2). Let x = f - -8. Calculate the greatest common factor of l and x.
9
Let o = 34 + -21. What is the greatest common factor of o and 39?
13
Suppose -j - 16 = -2*r, 34 = 6*r - r - j. Suppose -21*b - 180 = -26*b. What is the highest common factor of b and r?
6
Let l(h) = 3 + 7*h + 10*h - 4. Let b be l(5). Let o = 9 - -3. Calculate the greatest common divisor of o and b.
12
Let w(j) = 2*j**2 - 3*j + 6. Let q be 2*(-6 + 3 - -5). Let r be w(q). Calculate the greatest common divisor of r and 65.
13
Suppose o - 6 = 5. Calculate the highest common divisor of o and 99.
11
Let j(g) = -g**3 + 13*g**2 - 10*g + 4. Let y be j(12). Calculate the highest common divisor of 196 and y.
28
Let i(c) = -c**2 + 5*c + 3. Let h be i(3). Let w(n) = -n**2 + 9*n + 11. Let a be w(h). Calculate the greatest common divisor of 33 and a.
11
Let g = -101 - -125. What is the greatest common factor of g and 8?
8
Let t be 305/45 + (-4)/(-18). Let z(v) = -v**3 + 8*v**2 - 5*v - 3. Let f be z(t). What is the highest common divisor of 55 and f?
11
Suppose -4*d - 291 = -w + 202, 4*d = -5*w - 463. Let h be 6/(-15) + d/(-5). Calculate the greatest common factor of h and 36.
12
Let g(u) = -u**3 + 8*u**2 - 7*u - 4. Let m be g(7). Let a = m - 5. Let c be a/(2 - (-6)/(-2)). What is the greatest common divisor of 9 and c?
9
Let y be 0*(-2 + 10/4). Suppose y*o - a = 4*o - 11, -3*a - 15 = -4*o. Suppose -21 = -s - o. Calculate the greatest common divisor of s and 144.
18
Suppose 0*o - o + 64 = 0. Suppose i - 5*i = -o. What is the highest common divisor of i and 48?
16
Let o be (15/(-2))/((-12)/(-32)). Let n be (105/o)/((-1)/4). Calculate the greatest common factor of 7 and n.
7
Let f = -10 - -18. Let i = -2 + f. What is the highest common divisor of i and 24?
6
Let g be (-9)/12 - 162/(-24). Calculate the highest common factor of 18 and g.
6
Suppose -2*y - 3*y + 30 = 0. Let j be (-166)/(-18) - 16/72. Calculate the highest common factor of y and j.
3
Let z(v) = v**3 - 8*v**2 + 7*v + 6. Let w be z(7). What is the greatest common divisor of w and 30?
6
Suppose 0*z - 2*z + 6 = 0. Suppose 2 + 130 = z*j. Suppose -6*b + j = -2*b. What is the highest common factor of b and 55?
11
Let c be ((-6)/(-9))/(-1 - (-1028)/1020). What is the greatest common divisor of c and 17?
17
Suppose -129 = -4*x - y, -5*x + 82 = 4*y - 82. Let l = -53 + 36. Let i = x - l. Calculate the highest common factor of 7 and i.
7
Let l be -2*(-4 - ((-5)/2 + 0)). What is the greatest common factor of 27 and l?
3
Suppose 0 = 2*p + 3*p - 70. Let v(s) = s**3 + 8*s**2 + 10*s + 9. Let l be v(-6). What is the highest common divisor of p and l?
7
Suppose -3*m - 4*s + 14 = 0, 0 = -0*m - m - s + 3. Suppose 0*b = 3*b - 42. Let i be b - 0 - (m - -3). Calculate the greatest common factor of i and 13.
13
Suppose 51 = 2*x + h, 0 = 2*x - 5*h - 24 - 21. Calculate the greatest common factor of x and 275.
25
Let d = -13 + 19. What is the highest common divisor of d and 4?
2
Let z = 2 - -15. Suppose j - 425 = -4*j. Calculate the greatest common divisor of z and j.
17
Let a(y) = -y - 12. Let u be a(-16). Suppose -3*i = -2*l + 168, 2*i + 320 = u*l + 4*i. Calculate the greatest common factor of 9 and l.
9
Let i = -3 + 6. Suppose -i*p = -2*p - 20. Let c(q) = -2*q - 4. Let o be c(-6). Calculate the greatest common factor of p and o.
4
Suppose 2 = -5*o + 22. What is the highest common factor of o and 20?
4
Suppose -35 = -3*t - 2*t. Let f(k) = 3*k - 2*k - 2*k + k**3 - k**2 + 7. Let d be f(0). Calculate the highest common divisor of t and d.
7
Let b = 3 + 0. Let z = 17 + b. Let w = z - 11. What is the highest common divisor of w and 9?
9
Let n be -108*((-45)/(-6